 5*m**2 + 2. Determine s(4).
-14
Let r(a) = -a**2 + 19*a - 71. Calculate r(14).
-1
Let z(o) = 2*o**2 + 28*o + 30. Determine z(-13).
4
Let n(q) = -q**3 + 6*q**2 - 3*q - 4. Determine n(4).
16
Let f(a) = 41*a + 8. Determine f(0).
8
Let j(i) = -i**2 + i + 8. Determine j(6).
-22
Let o(w) = -3*w**2 + 25*w + 13. Determine o(9).
-5
Let t(v) = -2*v**3 - 8*v**2 + 15*v - 4. Determine t(-5).
-29
Let z(a) = 2*a**2 - a - 5. Give z(0).
-5
Let p(w) = 4*w - 26. Calculate p(6).
-2
Let d(a) = 25*a - 222. Determine d(9).
3
Let t(n) = -12*n - 22. Determine t(5).
-82
Let j(b) = 6*b + 150. Determine j(-26).
-6
Let b(s) = 4*s**2 + 68*s - 9. What is b(-17)?
-9
Let t(b) = b**2 - 3*b. Calculate t(4).
4
Let j(n) = -2*n**3 - 14*n**2 - 23*n + 9. Calculate j(-4).
5
Let r(z) = z**3 - 9*z**2 + 6*z - 8. Calculate r(8).
-24
Let q(a) = 5*a. Give q(-7).
-35
Let y(c) = c**3 + 10*c**2 + 19*c - 5. Determine y(-9).
-95
Let l(x) = -x**2 - 13*x - 21. Give l(-11).
1
Let l(d) = -8*d - 197. What is l(-25)?
3
Let l(k) = k**3 + 5*k**2 + 4*k + 4. Give l(-3).
10
Let t(i) = 2*i**2 - 11*i + 24. Give t(7).
45
Let m(w) = -15*w**2 - 4*w + 4. Determine m(2).
-64
Let z(a) = a**2 + a - 5. What is z(-7)?
37
Let n(j) = 3*j**2 - 6*j + 4. Calculate n(1).
1
Let o(c) = 35*c**2 + 59*c + 60. Give o(-1).
36
Let b(x) = -50*x + 397. Determine b(8).
-3
Let u(k) = -k**3 + 4*k**2 + 7*k - 24. Calculate u(4).
4
Let l(x) = x**3 + 4*x**2 - 11*x. Determine l(-6).
-6
Let y(m) = -m + 1. Determine y(2).
-1
Let t(x) = -x**2 + 24*x + 65. What is t(26)?
13
Let r(t) = -13*t - 4. Calculate r(4).
-56
Let o(l) = 3*l + 34. Determine o(-12).
-2
Let m(o) = -2*o - 16. What is m(-9)?
2
Let f(y) = -y + 1. What is f(-6)?
7
Let v(o) = -o**3 - 5*o**2 - o + 9. What is v(-4)?
-3
Let f(k) = k**2 - 4*k + 1. Calculate f(5).
6
Let d(h) = -2*h + 20. Determine d(14).
-8
Let b(a) = a**2 - 5. What is b(-4)?
11
Let v(t) = 44*t**3 - 2*t**2. Determine v(1).
42
Let x(i) = 4*i**3 + 4*i**2 - 12*i - 19. Calculate x(-2).
-11
Let l(h) = 109*h**3 - h**2 - h + 2. Calculate l(1).
109
Let j(o) = o**3 + 7*o**2 + 9*o - 17. Give j(-5).
-12
Let g(d) = -d**2 + 13*d - 11. Calculate g(13).
-11
Let n(r) = -r**3 - 8*r**2 - 15*r - 19. What is n(-5)?
-19
Let z(c) = 2*c**3 + 8*c**2 - 7*c - 1. Calculate z(1).
2
Let u(d) = -d**2 - d + 11. Determine u(-5).
-9
Let v(f) = f**3 + 5*f**2 - 13*f + 2. Determine v(-7).
-5
Let i(m) = m**2 - 8*m + 8. Calculate i(6).
-4
Let h(o) = -11*o - 75. Determine h(-6).
-9
Let o(x) = -x**3 - 3*x**2 - 4*x - 3. Calculate o(-4).
29
Let c(k) = k**3 + 12*k**2 + 8*k + 14. Calculate c(-11).
47
Let p(d) = d**3 - 6*d**2 - 55*d - 5. Calculate p(-5).
-5
Let m(d) = -12*d**3 - 2*d**2 - 2*d - 1. Give m(-1).
11
Let r(p) = -7*p + 6. Calculate r(-3).
27
Let r(s) = 31*s - 114. Determine r(4).
10
Let s(w) = -2*w**3 - 15*w**2 - 5*w + 14. Determine s(-7).
0
Let s(l) = -3*l + 23. What is s(7)?
2
Let l(o) = -2*o**3 - 8*o**2 - 3*o + 5. Give l(-4).
17
Let x(d) = -42*d - 175. Calculate x(-4).
-7
Let f(o) = -26*o**3 - 2*o**2 + 2*o - 1. Calculate f(1).
-27
Let w(x) = 113*x - 1688. Calculate w(15).
7
Let g(w) = w**3 + 10*w**2 - 12*w - 6. What is g(-11)?
5
Let k(i) = 8*i - 81. What is k(11)?
7
Let u(o) = o + 5. What is u(-7)?
-2
Let w(p) = 3*p**3 + 5*p**2 + 3*p + 5. Determine w(-2).
-5
Let m(k) = k**2 - 9*k - 55. Determine m(12).
-19
Let n(p) = 7*p - 2. Give n(-3).
-23
Let h(r) = -4*r**2 - 130*r + 68. Give h(-33).
2
Let v(s) = -s - 8. Determine v(-5).
-3
Let n(t) = -21*t**2 - 2*t - 2. Give n(-1).
-21
Let d(r) = -r**2 + 64*r - 186. Determine d(61).
-3
Let t(k) = -2*k**3 - 36*k**2 + 36*k - 41. Give t(-19).
-3
Let y(w) = w**2 + 13*w + 7. What is y(-10)?
-23
Let h(i) = 12*i - 4. What is h(1)?
8
Let g(z) = -21*z - 83. Determine g(-4).
1
Let h(t) = 8*t**2 - 9*t + 1. Determine h(2).
15
Let p(k) = -32*k**2 + k. Calculate p(1).
-31
Let p(t) = -7*t**3 - t**2 + 2*t - 1. What is p(1)?
-7
Let k(p) = -p**2 - 6*p + 34. Calculate k(-9).
7
Let n(p) = p**3 - 2*p**2 - 2*p - 2. Give n(3).
1
Let u(p) = -p**3 - 6*p**2 + 9*p + 8. Calculate u(-6).
-46
Let o(b) = 2*b - 15. Calculate o(6).
-3
Let s(z) = 3*z**2 - 34*z + 5. Calculate s(11).
-6
Let f(t) = -t**2 + 48. Calculate f(0).
48
Let k(b) = -11*b**2 + 1. Give k(1).
-10
Let g(d) = 5*d + 28. What is g(-7)?
-7
Let w(h) = -h - 21. Give w(-8).
-13
Let s(u) = u**2 - 12*u - 18. Calculate s(14).
10
Let m(b) = -b**2 - 4*b + 8. What is m(-7)?
-13
Let q(k) = 5*k - 27. What is q(6)?
3
Let p(t) = -40*t + 12. Give p(1).
-28
Let t(p) = p**3 + 23*p**2 + 27*p + 109. Determine t(-22).
-1
Let n(u) = -u**3 - 21*u**2 - 17*u + 56. Calculate n(-20).
-4
Let v(o) = o**2 + 17*o + 91. What is v(-10)?
21
Let x(n) = -n - 7. What is x(0)?
-7
Let t(o) = o**2 - 14*o + 5. What is t(15)?
20
Let k(v) = -v + 8. Determine k(14).
-6
Let i(y) = -y**3 - 5*y**2 + 2*y + 9. What is i(-7)?
93
Let m(i) = -i**2 - 5*i - 2. Calculate m(-5).
-2
Let w(q) = -30*q + 6. What is w(-3)?
96
Let x(i) = i**2 - i - 14. What is x(0)?
-14
Let p(u) = 2*u - 11. Determine p(6).
1
Let u(a) = 7*a - 27. Determine u(10).
43
Let a(p) = p**3 - 10*p**2 + 16*p + 9. Give a(8).
9
Let a(i) = -i**2 + 17*i + 73. What is a(-5)?
-37
Let r(t) = -82*t + 6. Give r(1).
-76
Let c(t) = -t**3 - t**2 - t - 11. What is c(0)?
-11
Let g(q) = q**3 - 16*q**2 + 13*q + 34. What is g(15)?
4
Let l(m) = m**3 - 5*m**2 - m. Determine l(3).
-21
Let j(f) = f - 32. Calculate j(5).
-27
Let g(u) = 3*u + 9. Calculate g(8).
33
Let w(y) = y**3 - 7*y**2 - 5*y + 47. Calculate w(6).
-19
Let h(z) = z**3 + 72*z**2 + 77*z + 435. What is h(-71)?
9
Let p(x) = -28*x**2 + 2*x + 3. Determine p(-1).
-27
Let a(r) = -r**3 + 17*r**2 - 16*r + 1. Calculate a(16).
1
Let w(i) = -4*i**2 - 2*i + 4. Calculate w(1).
-2
Let q(f) = 36*f + 313. What is q(-8)?
25
Let z(g) = -g**3 - 9*g**2 + 10*g - 9. Calculate z(-10).
-9
Let s(m) = 3*m**2 - 18*m + 22. Give s(4).
-2
Let t(k) = -2*k - 4. Calculate t(7).
-18
Let v(q) = -5*q**2 + 33*q + 160. Determine v(10).
-10
Let n(o) = -2*o**2 + 29*o - 105. Calculate n(13).
-66
Let l(q) = q**3 + 10*q**2 + 5*q - 10. What is l(-9)?
26
Let a(w) = -3*w - 50. What is a(-16)?
-2
Let h(o) = -o**2 - 22*o + 246. Give h(-30).
6
Let v(l) = -l**2 + 12*l - 23. What is v(10)?
-3
Let b(v) = v**2 - 5*v + 20. Determine b(8).
44
Let y(g) = -g**3 - 8*g**2 - 12*g + 6. What is y(-6)?
6
Let r(q) = -2*q**2 + 7*q - 1. Calculate r(6).
-31
Let g(q) = -11*q + 81. Give g(12).
-51
Let d(l) = -l**3 - 6*l**2 + 18*l + 13. Give d(-8).
-3
Let r(h) = -2*h + 60. What is r(30)?
0
Let d(a) = -a**2 - a + 23. Determine d(5).
-7
Let o(x) = 2*x**2 - 25*x + 62. Determine o(9).
-1
Let x(v) = v**3 + 10*v**2 - v + 16. Calculate x(-11).
-94
Let t(s) = -5*s + 130. Give t(26).
0
Let m(b) = -b**3 - 17*b**2 + 20*b - 8. Calculate m(-18).
-44
Let i(v) = -v**2 + 11*v - 16. Give i(12).
-28
Let b(u) = u**3 + 10*u**2 + 7*u - 11. Calculate b(-9).
7
Let r(y) = y**3 + 11*y**2 - y - 4. Give r(-11).
7
Let b(k) = -k**3 + 24*k**2 - 5*k + 87. Calculate b(24).
-33
Let c(u) = 5*u**2 - 3*u - 5. Determine c(-2).
21
Let d(m) = -68*m - 266. Give d(-4).
6
Let a(x) = -5*x + 50. Calculate a(8).
10
Let v(t) = -3*t**3 - 2*t**2 + t + 4. Give v(0).
4
Let f(n) = -3*n + 33. What is f(16)?
-15
Let r(d) = 3*d - 14. Determine r(7).
7
Let l(x) = x**3 + 11*x**2 + 12*x. Give l(-10).
-20
Let a(k) = 3*k - 26. Determine a(8).
-2
Let p(r) = -r**3 + 17*r**2 - 70*r - 14. Calculate p(10).
-14
Let g(a) = a**2 - 3*a + 3. Determine g(2).
1
Let s(z) = z**2 + 8*z - 6. Calculate s(-8).
-6
Let n(u) = 2*u**2 - 7*u - 3. Determine n(10).
127
Let t(j) = 7*j - 2. What is t(2)?
12
Let z(p) = -p**2 - 63*p - 492. Give z(-54).
-6
Let a(w) = 2*w - 9. Give a(7).
5
Let k(g) = g**3 + 11*g**2 + 13*g + 25. Give k(-10).
-5
Let q(o) = -o + 20. What is q(11)?
9
Let h(d) = -2*d - 3. What is h(3)?
-9
Let x(h) = -h**3 - 5*h**2 + 4*h + 8. Give x(-6).
20
Let p(u) = -4*u**3 + u**2 - u. Give p(1).
-4
Let i(s) = -s**2 + 5*s - 6. What is i(0)?
-6
Let t(f) = -f**3 + 17*f**2 - 13*f - 46. Determine t(16).
2
Let a(p) = -4*p + 100. Calculate a(26).
-4
Let y(p) = -p - 3. Determine y(-11).
8
Let x(f) = -f**2 + 7*f + 25. What is x(10)?
-5
Let r(i) = i - 4. What is r(-2)?
-6
Let k(a) = 3*a + 96. Give k(-16).
48
Let v(x) = -x**2 - 6*x + 17. Give v(6).
-55
Let p(n) = -n - 1. Determine p(-7).
6
Let a(u) = 3*u**3 + 11*u**2 + 4*u - 2. Calculate a(-4).
-34
Let k(u) = u**2 + 7*u +